In base 14, what is -5 + -80461c4?
-80461c9
In base 9, what is 15851320 - -7?
15851327
In base 2, what is 100100100 - 1000111000111011?
-1000110100010111
In base 8, what is 1 - 267756371?
-267756370
In base 16, what is 536c - -1ecc?
7238
In base 3, what is -2021120220 + 101202?
-2021012011
In base 9, what is -303 + 78440?
78136
In base 13, what is 91 - -303a3?
30464
In base 9, what is -4 - -22355455?
22355451
In base 12, what is -44b172 - 13?
-44b185
In base 4, what is 22012 - -2121130012?
2121212030
In base 16, what is 5332b - ec?
5323f
In base 6, what is -1152315101 - -14?
-1152315043
In base 11, what is -4 + -26a9503?
-26a9507
In base 7, what is -240 + -5152610?
-5153150
In base 13, what is 5 + -254906c?
-2549067
In base 4, what is 30023 + -1201212031?
-1201122002
In base 9, what is 483888 + 5?
484004
In base 14, what is a1b - 4b9b9?
-4ad9c
In base 13, what is 144a26 + -b0?
144946
In base 7, what is -45216311 + -4?
-45216315
In base 12, what is 89bb1 - 12?
89b9b
In base 3, what is -1012211012201 + 2021?
-1012211010110
In base 12, what is -1052b35a + -1?
-1052b35b
In base 13, what is -5729 + -7c4?
-6220
In base 4, what is 201213222001 - 3?
201213221332
In base 10, what is 689 - -188434?
189123
In base 8, what is 25151462 + 1?
25151463
In base 2, what is -1011010101100101000111 - 111110100?
-1011010101101100111011
In base 3, what is -1002012112020200 + 1012?
-1002012112012111
In base 16, what is 127d + bac0?
cd3d
In base 10, what is -1 - -3580533?
3580532
In base 9, what is 10 - 71400801?
-71400781
In base 3, what is -100012220 - 21210?
-100111200
In base 3, what is -11201022002221012 - -11?
-11201022002221001
In base 12, what is -1a0b3 - -84a?
-19465
In base 11, what is -13 + -499919?
-499931
In base 15, what is -166 + 2411?
229a
In base 7, what is 4 - 453662542?
-453662535
In base 9, what is -258 + 186330?
186061
In base 13, what is -11 + 44c9151?
44c9140
In base 4, what is -11 + 110221230212112?
110221230212101
In base 7, what is 30336 + -1566?
25440
In base 6, what is -1 + 120121303?
120121302
In base 13, what is 9897966 + 3?
9897969
In base 6, what is 34344452 - -3?
34344455
In base 16, what is 7 - 5005238?
-5005231
In base 5, what is -130 - 214241431?
-214242111
In base 12, what is 4 - 380124?
-380120
In base 2, what is -1001111111 + -110111000111010?
-111000010111001
In base 7, what is 640132404 - 2?
640132402
In base 16, what is -c + 773ddb?
773dcf
In base 13, what is -2a36a - a?
-2a377
In base 2, what is 11010010010110000110 + -1000?
11010010010101111110
In base 3, what is -201222210002022 + -2110?
-201222210011202
In base 7, what is -2120 - -305265?
303145
In base 11, what is 4 + -a59790?
-a59787
In base 11, what is 3a356 + -156?
3a200
In base 13, what is -3811 + -21275?
-24a86
In base 3, what is -2 - 10100210221?
-10100211000
In base 11, what is -56 + 29a574?
29a519
In base 16, what is -1ad - 183bce?
-183d7b
In base 5, what is -24001431 - -33?
-24001343
In base 4, what is -1301310213323 + 223?
-1301310213100
In base 10, what is 2 + -886124?
-886122
In base 16, what is 16a5f + ee?
16b4d
In base 3, what is -111121211112 + -22002?
-111122010121
In base 16, what is -bf6 - -31b2?
25bc
In base 8, what is 3 + 3326604?
3326607
In base 13, what is -462 + 244a?
1cb8
In base 11, what is 4 - -a298a87?
a298a90
In base 9, what is -2118 + 58410?
56281
In base 16, what is -12abd + e6?
-129d7
In base 16, what is -473 + -2637?
-2aaa
In base 8, what is -261512 + -31?
-261543
In base 11, what is 359 + 120a?
1568
In base 13, what is 232427 + -191?
232266
In base 10, what is 1229181 + 218?
1229399
In base 14, what is -55 + b53190?
b53139
In base 16, what is -2a - -8f3?
8c9
In base 5, what is 10 + 303120323?
303120333
In base 15, what is -7 - 522017?
-52201e
In base 7, what is 204301624 + 3?
204301630
In base 9, what is 1 - 5101777?
-5101776
In base 10, what is 290 - -61471?
61761
In base 5, what is 1 + 311204140?
311204141
In base 3, what is 10021010202212 + -12?
10021010202200
In base 16, what is d7 - -2325a3?
23267a
In base 9, what is -1228140 + -23?
-1228163
In base 16, what is 0 - 6d1211?
-6d1211
In base 15, what is c2 + 33856?
33928
In base 10, what is 8352 - 10152?
-1800
In base 6, what is 1230 + 111130?
112400
In base 5, what is 2 - 21122444032?
-21122444030
In base 14, what is -569 + -36861?
-36dca
In base 12, what is 90a91 + -1b?
90a72
In base 8, what is -2666464315 + 2?
-2666464313
In base 16, what is -113 - 151f2?
-15305
In base 6, what is -4 - 231435505?
-231435513
In base 4, what is -101310321233 + 122?
-101310321111
In base 6, what is -4 - -4300042?
4300034
In base 5, what is 4131330 + 223?
4132103
In base 16, what is -3b + 2f8350?
2f8315
In base 16, what is 13af6f9 + 24?
13af71d
In base 14, what is -4 - 255bb74?
-255bb78
In base 16, what is -925f - 134?
-9393
In base 6, what is -325343 - -13252?
-312051
In base 12, what is b7b75a1 - 0?
b7b75a1
In base 5, what is -144344401 - 2000?
-144401401
In base 5, what is 44 - -12033304120?
12033304214
In base 16, what is -1c07 + 18e?
-1a79
In base 3, what is 222122212 + -2211212200?
-1212012211
In base 2, what is -101111011110 + 1100101011000001?
1011111011100011
In base 13, what is -12c7 + 33650?
32356
In base 13, what is -3 + -535249?
-53524c
In base 16, what is 3ec + 3e174?
3e560
In base 4, what is -12 + 1311110312?
1311110300
In base 10, what is -28 + 633817?
633789
In base 12, what is -2 - 851845b?
-8518461
In base 16, what is 9b317b - -7?
9b3182
In base 9, what is -522 - -5102?
4470
In base 11, what is -9021580 + -3?
-9021583
In base 11, what is -157851 + -647?
-158398
In base 15, what is 89b + -15a?
741
In base 2, what is 1011011010110010 - -101110001?
1011100000100011
In base 14, what is -13ca - 853?
-1c3d
In base 5, what is 3110 + -1111201?
-1103041
In base 13, what is 562 - 442a6?
-43a44
In base 4, what is -320031301 - 3112?
-320101013
In base 15, what is a45475 + -9?
a4546b
In base 11, what is -320519a - -3?
-3205197
In base 3, what is 11202202221010 - 1?
11202202221002
In base 10, what is -77 + -69431?
-69508
In base 8, what is -231063512 - -5?
-231063505
In base 13, what is -4316 - 138a0?
-17bb6
In base 8, what is -222444 - -530?
-221714
In base 9, what is 4203 - 150?
4043
In base 5, what is 114 + 22302103?
22302222
In base 3, what is 110101102 - -221212?
111100021
In base 14, what is 8d3 + 9094?
9987
In base 9, what is -12140583 - 46?
-12140640
In base 11, what is -2 - 60aa096?
-60aa098
In base 5, what is -1344 + 104322220?
104320321
In base 2, what is 100101 - -11001000000110101000110?
11001000000110101101011
In base 10, what is 31 + 14853655?
14853686
In base 2, what is -100100000011101010 + 110011?
-100100000010110111
In base 16, what is -a5 + -7b1be?
-7b263
In base 14, what is -73 + 5d1?
55c
In base 14, what is 1d6bccb + -6?
1d6bcc5
In base 11, what is 1437029a + -4?
14370296
In base 14, what is 0 - 859822?
-859822
In base 10, what is -432 + 12471?
12039
In base 6, what is -1054 + 440141?
435043
In base 16, what is 2 - 205e2b?
-205e29
In base 15, what is 5 - 15d2d6e?
-15d2d69
In base 12, what is 12a95 + -31?
12a64
In base 5, what is 141011340104 - 2?
141011340102
In base 12, what is -1b276b + 167?
-1b2604
In base 3, what is -212011220012220 + 11?
-212011220012202
In base 7, what is 2 - 1430201335?
-1430201333
In base 9, what is -155336 - -31?
-155305
In base 3, what is -1110110 - 1000102?
-2110212
In base 13, what is -b - 2a342245?
-2a342253
In base 9, what is -772458 - 610?
-773168
In base 3, what is -1100102002 - -102111120?
-220220112
In base 8, what is 3050117702 + -4?
3050117676
In base 2, what is 1000 - 101100011001110001001001?
-101100011001110001000001
In base 8, what is 5112720 + -457?
5112241
In base 6, what is 4153533140 + 1?
4153533141
In base 7, what is 166005 - 45435?
120240
In base 8, what is 16454 - 70405?
-51731
In base 11, what is 2507777 - 5?
2507772
In base 14, what is 1a2d120d - 0?
1a2d120d
In base 14, what is 48913 + 62c?
49141
In base 14, what is -4d + d23d6?
d2387
In base 3, what is 221001011202011 + 1211?
221001011210222
In base 12, what is 1265a13 - -1?
1265a14
In base 3, what is -2211012020 + -12112000?
-10000201020
In base 3, what is -10101200 + 2022200211?
2012022011
In base 8, what is 0 + -116054301?
-116054301
In base 2, what is 10111010100011001